{"id":36,"date":"2021-06-14T13:58:39","date_gmt":"2021-06-14T13:58:39","guid":{"rendered":"http:\/\/icowefs.ipportalegre.pt\/2022\/?page_id=36"},"modified":"2022-05-30T11:13:49","modified_gmt":"2022-05-30T11:13:49","slug":"commitees-keynotes","status":"publish","type":"page","link":"https:\/\/icowefs.ipportalegre.pt\/2022\/commitees-keynotes\/","title":{"rendered":"Commitees | Keynotes"},"content":{"rendered":"\n<hr class=\"wp-block-separator has-text-color has-luminous-vivid-amber-color has-css-opacity has-luminous-vivid-amber-background-color has-background is-style-wide\"\/>\n\n\n\n<p class=\"has-text-align-center has-medium-font-size\"><strong>CONFERENCE CHAIRS<\/strong><\/p>\n\n\n\n<div style=\"height:30px\" aria-hidden=\"true\" class=\"wp-block-spacer\"><\/div>\n\n\n\n<div class=\"wp-block-columns is-layout-flex wp-container-core-columns-is-layout-28f84493 wp-block-columns-is-layout-flex\">\n<div class=\"wp-block-column is-layout-flow wp-block-column-is-layout-flow\">\n<figure class=\"wp-block-image aligncenter size-full\"><img loading=\"lazy\" decoding=\"async\" width=\"132\" height=\"132\" src=\"https:\/\/icowefs.ipportalegre.pt\/2022\/wp-content\/uploads\/sites\/3\/2021\/07\/Paulo_brito.jpg\" alt=\"\" class=\"wp-image-179\"\/><\/figure>\n\n\n\n<p class=\"has-text-align-center\"><strong>Paulo S\u00e9rgio Brito<\/strong><br><a rel=\"noreferrer noopener\" href=\"https:\/\/www.ipportalegre.pt\/pt\/\" target=\"_blank\">Polytechnic of Portalegre<\/a> . Portugal<\/p>\n<\/div>\n\n\n\n<div class=\"wp-block-column is-layout-flow wp-block-column-is-layout-flow\">\n<figure class=\"wp-block-image aligncenter size-full\"><img loading=\"lazy\" decoding=\"async\" width=\"132\" height=\"132\" src=\"http:\/\/icowefs.ipportalegre.pt\/2022\/wp-content\/uploads\/sites\/3\/2021\/09\/JGalvao1.jpeg\" alt=\"\" class=\"wp-image-189\"\/><\/figure>\n\n\n\n<p class=\"has-text-align-center\"><strong>Jo\u00e3o Rafael Galv\u00e3o<\/strong><br><a rel=\"noreferrer noopener\" href=\"https:\/\/www.ipleiria.pt\/home\/\" target=\"_blank\">Polytechnic of Leiria<\/a> . Portugal<\/p>\n<\/div>\n<\/div>\n\n\n\n<div style=\"height:50px\" aria-hidden=\"true\" class=\"wp-block-spacer\"><\/div>\n\n\n\n<hr class=\"wp-block-separator has-text-color has-luminous-vivid-amber-color has-css-opacity has-luminous-vivid-amber-background-color has-background is-style-wide\"\/>\n\n\n\n<p class=\"has-text-align-center has-medium-font-size\"><strong>KEYNOTE SPEAKERS<\/strong><\/p>\n\n\n\n<div style=\"height:50px\" aria-hidden=\"true\" class=\"wp-block-spacer\"><\/div>\n\n\n\n<div class=\"wp-block-media-text alignwide is-stacked-on-mobile is-vertically-aligned-top is-image-fill\" style=\"grid-template-columns:20% auto\"><figure class=\"wp-block-media-text__media\" style=\"background-image:url(https:\/\/icowefs.ipportalegre.pt\/2022\/wp-content\/uploads\/sites\/3\/2021\/12\/speaker_jose_luz_silveira.jpg);background-position:50% 50%\"><img loading=\"lazy\" decoding=\"async\" width=\"300\" height=\"450\" src=\"https:\/\/icowefs.ipportalegre.pt\/2022\/wp-content\/uploads\/sites\/3\/2021\/12\/speaker_jose_luz_silveira.jpg\" alt=\"\" class=\"wp-image-243 size-full\" srcset=\"https:\/\/icowefs.ipportalegre.pt\/2022\/wp-content\/uploads\/sites\/3\/2021\/12\/speaker_jose_luz_silveira.jpg 300w, https:\/\/icowefs.ipportalegre.pt\/2022\/wp-content\/uploads\/sites\/3\/2021\/12\/speaker_jose_luz_silveira-200x300.jpg 200w\" sizes=\"auto, (max-width: 300px) 100vw, 300px\" \/><\/figure><div class=\"wp-block-media-text__content\">\n<p><strong>Speech title<\/strong><br>Some applications in hydrogen, renewable energy and bioenergy<\/p>\n\n\n\n<p><strong>The speaker<\/strong><\/p>\n\n\n\n<p><strong>Jos\u00e9 Luz SILVEIRA<\/strong>, graduated in Mechanical Engineering from the Federal University of Itajub\u00e1 (1986), graduated in Mathematics from the Education and Research Foundation of Itajub\u00e1 Faculty of Philosophy, Sciences and Letters (1985), Master&#8217;s in Mechanical Engineering from the Federal University of Itajub\u00e1 (1990) and Ph.D. Mechanical Engineering from the Faculty of Mechanical Engineering &#8211; UNICAMP (1994). He is a Visitante Senior na Federal University of ABC \u2013 UFABC, full professor in S\u00e3o Paulo University \u2013 UNESP. Coordinator of Institute of Bioenergy Research and Head os Laboratory os Optimization of Energy Systems. Has experience in mechanical engineerging, focusing on energy, thermodynamics and heat transfer, acting on the following subjects: renewable energy, bioenergy, cogeneration, thermoeconomic analysis, fuel cell, technical, economic and environmental analysis of power systems.<\/p>\n<\/div><\/div>\n\n\n\n<div style=\"height:50px\" aria-hidden=\"true\" class=\"wp-block-spacer\"><\/div>\n\n\n\n<div class=\"wp-block-media-text alignwide is-stacked-on-mobile is-vertically-aligned-top is-image-fill\" style=\"grid-template-columns:20% auto\"><figure class=\"wp-block-media-text__media\" style=\"background-image:url(https:\/\/icowefs.ipportalegre.pt\/2022\/wp-content\/uploads\/sites\/3\/2021\/12\/speaker_ana_fernando.jpg);background-position:50% 50%\"><img loading=\"lazy\" decoding=\"async\" width=\"300\" height=\"450\" src=\"https:\/\/icowefs.ipportalegre.pt\/2022\/wp-content\/uploads\/sites\/3\/2021\/12\/speaker_ana_fernando.jpg\" alt=\"\" class=\"wp-image-252 size-full\" srcset=\"https:\/\/icowefs.ipportalegre.pt\/2022\/wp-content\/uploads\/sites\/3\/2021\/12\/speaker_ana_fernando.jpg 300w, https:\/\/icowefs.ipportalegre.pt\/2022\/wp-content\/uploads\/sites\/3\/2021\/12\/speaker_ana_fernando-200x300.jpg 200w\" sizes=\"auto, (max-width: 300px) 100vw, 300px\" \/><\/figure><div class=\"wp-block-media-text__content\">\n<p><strong>Speech title<\/strong><br>Combating climate change with phytoremediation. Is it possible?<\/p>\n\n\n\n<p><strong>The speaker<\/strong><\/p>\n\n\n\n<p><strong>Ana Luisa FERNANDO<\/strong> is an Associate Professor at Faculdade de Ci\u00eancias e Tecnologia, Universidade Nova de Lisboa, Portugal. Researcher at MEtRiCS, Mechanical Engineering and Resource Sustainability Center, hosted by Universidade do Minho and Universidade NOVA de Lisboa. Graduated in Applied Chemistry (UNL), in 1990, with a MSc in Food Technology\/Quality (1996, UNL) and a PhD in Environmental Sciences (2005, UNL). She has been working in the field of Food Technology and Safety, by testing natural compounds extracted from plants into biopolymers for food packaging or as additives for food preservation. Parallel to those activities, she has been working with industrial crops for 30 years, with special interest on studies related with the sustainability of industrial crops crops production and its exploitation as a source of biomass, ecocompounds, ecomaterials for the bioeconomy. Supervision: 7 PhD thesis (concluded), 12 PhD underway, 111 MSc thesis (concluded), 74 Graduation thesis (concluded). She is currently coordinating the ERANETMED project MediOpuntia and she is also coordinating nationaly the H2020 projects GOLD and MAGIC. Author and co-author os several publications.&nbsp;<\/p>\n<\/div><\/div>\n\n\n\n<div style=\"height:50px\" aria-hidden=\"true\" class=\"wp-block-spacer\"><\/div>\n\n\n\n<div class=\"wp-block-media-text alignwide is-stacked-on-mobile is-vertically-aligned-top is-image-fill\" style=\"grid-template-columns:20% auto\"><figure class=\"wp-block-media-text__media\" style=\"background-image:url(https:\/\/icowefs.ipportalegre.pt\/2022\/wp-content\/uploads\/sites\/3\/2022\/02\/Julio_Cepeda.jpeg);background-position:50% 50%\"><img loading=\"lazy\" decoding=\"async\" width=\"300\" height=\"450\" src=\"https:\/\/icowefs.ipportalegre.pt\/2022\/wp-content\/uploads\/sites\/3\/2022\/02\/Julio_Cepeda.jpeg\" alt=\"\" class=\"wp-image-269 size-full\" srcset=\"https:\/\/icowefs.ipportalegre.pt\/2022\/wp-content\/uploads\/sites\/3\/2022\/02\/Julio_Cepeda.jpeg 300w, https:\/\/icowefs.ipportalegre.pt\/2022\/wp-content\/uploads\/sites\/3\/2022\/02\/Julio_Cepeda-200x300.jpeg 200w\" sizes=\"auto, (max-width: 300px) 100vw, 300px\" \/><\/figure><div class=\"wp-block-media-text__content\">\n<p><strong>Speech title<\/strong><br>Management of biomass parks in power generation plants<\/p>\n\n\n\n<p><strong>The speaker<\/strong><\/p>\n\n\n\n<p>Dr. <strong>Julio Terrados-CEPEDA<\/strong> holds a Ph.D. in Engineering from the University of Ja\u00e9n (Spain) since 2005, and Master Degrees both in Aeronautical Engineering (Madrid Polytechnics University, 1989) and in Business Administration MBA (IDEOR, 1994). He teaches and researches at University of Ja\u00e9n since 1994 and serves currently as Tenured Senior Lecturer at Projects Department. He is also an External Professor at Universidad Internacional de Andalucia (UNIA), Universidad Internacional de La Rioja (UNIR) and Visiting Professor at Universidad de Cartagena (Colombia).<br>Dr. Terrados main research interests are focused on strategic planning, sustainable energy planning, and renewable resources assessment. He has co-authored thirty-nine peer-reviewed papers and twenty-four books and chapters. He has been also main researcher or participant in about twenty research projects funded by public institutions or private companies. He currently leads the research group GIDIES (R&amp;D in Engineering, Energy and Sustainability) at the University of Ja\u00e9n, which focuses its research on the evaluation of renewable energy resources, the management of smart grids and smart cities, the thermal and electrical use of biomass, and energy planning and foresight.<br>In the academic field, Dr. Terrados has been Vice-President for Strategic Planning, Quality and Social Responsibility at University of Jaen, Rector \u0301s Delegate for Strategic Planning and Quality at University of Jaen, Vice-President for Strategic Planning, Assessment and Social Responsibility at International University of Andaluc\u00eda (UNIA) and Director of the Engineering Graphics, Design and Projects Department, among others positions.<br>In the professional area, Dr. Terrados has been Managing Director of the Energy Management Agency of Jaen region, International Programmes Manager at Canava Electronica S.A. and Eurofighter Control Manager at Construcciones Aeronauticas S.A. (Airbus Industries).<\/p>\n<\/div><\/div>\n\n\n\n<div style=\"height:50px\" aria-hidden=\"true\" class=\"wp-block-spacer\"><\/div>\n\n\n\n<div style=\"height:50px\" aria-hidden=\"true\" class=\"wp-block-spacer\"><\/div>\n\n\n\n<hr class=\"wp-block-separator has-text-color has-luminous-vivid-amber-color has-css-opacity has-luminous-vivid-amber-background-color has-background is-style-wide\"\/>\n\n\n\n<p class=\"has-text-align-center has-medium-font-size\"><strong>SCIENTIFIC COMMITTEE<\/strong><\/p>\n\n\n\n<div style=\"height:30px\" aria-hidden=\"true\" class=\"wp-block-spacer\"><\/div>\n\n\n\n<div class=\"wp-block-columns is-layout-flex wp-container-core-columns-is-layout-28f84493 wp-block-columns-is-layout-flex\">\n<div class=\"wp-block-column is-layout-flow wp-block-column-is-layout-flow\">\n<p><strong>Abel Rodrigues<\/strong>, INIAV\/ Research Institute, Portugal<\/p>\n\n\n\n<p><strong>Ahmad Pourmovahed<\/strong>, Kettering University, Michigan, U.S.A.<\/p>\n\n\n\n<p><strong>Alfeu S\u00e1 Marques<\/strong>, Coimbra University, Portugal<\/p>\n\n\n\n<p><strong>Ana Gomes,&nbsp;<\/strong>ESB-UCP\/ Catholic University, Portugal<\/p>\n\n\n\n<p><strong>Ana Vale,&nbsp;<\/strong>School of Science IT Sligo, Ireland<\/p>\n\n\n\n<p><strong>Antonio Mac\u00edas<\/strong>, Extremadura University, Spain<\/p>\n\n\n\n<p><strong>Annukka Pakarinen<\/strong>, HAMK University, Finland<\/p>\n\n\n\n<p><strong>Carla Ferreira<\/strong>, ESAC\/Coimbra Polytechnic, Portugal<\/p>\n\n\n\n<p><strong>Carlos Borrego<\/strong>, Aveiro University, Portugal<\/p>\n\n\n\n<p><strong>Carlos Henggeler<\/strong>, INESCC\/Coimbra University, Portugal<\/p>\n\n\n\n<p><strong>Eduardo \u00c1lvarez<\/strong>, Oviedo University, Spain<\/p>\n\n\n\n<p><strong>Eliseu Monteiro<\/strong>, Coimbra University\u00b8 Portugal<\/p>\n\n\n\n<p><strong>Fausto Freire<\/strong>, Coimbra University, Portugal<\/p>\n\n\n\n<p><strong>Fernando Lidon<\/strong>, Nova University, Portugal<\/p>\n\n\n\n<p><strong>Hassan El Bari<\/strong>, Ibn Tofail University, Kenitra, Morocco<\/p>\n\n\n\n<p><strong>Helena B\u00e1rtolo<\/strong>, Leiria Polythecnic, Portugal<\/p>\n\n\n\n<p><strong>Henrique de Amorim Almeida<\/strong>, Leiria Polythecnic, Portugal<\/p>\n\n\n\n<p><strong>Howard Dryden, <\/strong>GOES Foundation, Edinburgh University, Scotland UK<\/p>\n\n\n\n<p><strong>Jer\u00f3nimo Cort\u00e9s<\/strong>, CICTE\/Extremadura, Research Center Spain<\/p>\n\n\n\n<p><strong>Jo\u00e3o Pina<\/strong>, FCT\/Nova Lisbon University, Portugal<\/p>\n\n\n\n<p><strong>Joaquim Sousa<\/strong>, Coimbra Polytechnic, Portugal<\/p>\n\n\n\n<p><strong>Jo\u200bhn Cosgrove<\/strong>, Limerick Institute of Technology, Ireland<\/p>\n\n\n\n<p><strong>Jorge MGP Isidoro<\/strong>, Algarve University, Portugal<\/p>\n\n\n\n<p><strong>Jos\u00e9 Lobo<\/strong>, Extremadura University, Spain<\/p>\n\n\n\n<p><strong>Kirsi Knuuttila<\/strong>, JAMK University, Finland<\/p>\n\n\n\n<p><strong>Lisiane Librelotto<\/strong>, Universidade Federal de Santa Catarina, Florian\u00f3polis, Brasil<\/p>\n\n\n\n<p><strong>Luc\u00e9lia Hoehne<\/strong>, Universidade do Vale do Taquari, UNIVATES, Brasil<\/p>\n<\/div>\n\n\n\n<div class=\"wp-block-column is-layout-flow wp-block-column-is-layout-flow\">\n<p><strong>Lu\u00eds Loures<\/strong>, VALORIZA\/Portalegre Polytechnic, Portugal<\/p>\n\n\n\n<p><strong>Lu\u00eds Neves,<\/strong> INESCC\/Leiria Polytechnic, Portugal<\/p>\n\n\n\n<p><strong>Lu\u00eds Silva<\/strong>, Porto Polytechnic, Portugal<\/p>\n\n\n\n<p><strong>Lu\u00eds Tarelho<\/strong>, Aveiro University, Portugal<\/p>\n\n\n\n<p><strong>Lu\u00edsa Scmidt<\/strong>, ICS\/ Lisbon University, Portugal<\/p>\n\n\n\n<p><strong>Madalena Moreira<\/strong>, \u00c9vora University, Portugal<\/p>\n\n\n\n<p><strong>Manuel Jes\u00fas Hermoso Orz\u00e1ez<\/strong> \u2013 Universidad de Ja\u00e9n, Spain<\/p>\n\n\n\n<p><strong>Margarida Gon\u00e7alves<\/strong>, Nova University, Portugal<\/p>\n\n\n\n<p><strong>Mar\u00eda Hern\u00e1ndez<\/strong>, Extremadura University, Spain<\/p>\n\n\n\n<p><strong>Marika Tossavainen<\/strong>, HAMK University, Finland<\/p>\n\n\n\n<p><strong>Marina Antunes,&nbsp;<\/strong>ISCAL\/Lisbon Polytechnic, Portugal<\/p>\n\n\n\n<p><strong>Marritta Kymalainen<\/strong>, HAMK University, Finland<\/p>\n\n\n\n<p><strong>Milica Kasanin-Grubin,&nbsp;<\/strong>University of Belgrade, Serbia<\/p>\n\n\n\n<p><strong>Mohammed Benhachmi<\/strong> \u2013 Facult\u00e9 des Sciences et Techniques de Mahammedia, Marocco<\/p>\n\n\n\n<p><strong>Nicolau Almeida<\/strong>, Portalegre Polytechnic, Portugal<\/p>\n\n\n\n<p><strong>Noel Perera<\/strong>, Birmingham City University, UK<\/p>\n\n\n\n<p><strong>Nuno Sim\u00f5es<\/strong>, Coimbra University, Portugal<\/p>\n\n\n\n<p><strong>Ram\u00f3n Sanguino<\/strong>, Extremadura University, Spain<\/p>\n\n\n\n<p><strong>Ricardo Chacartegui<\/strong>, Sevilha University, Spain<\/p>\n\n\n\n<p><strong>Rodrigo Moruzzi<\/strong>, UNESP\/ S\u00e3o Paulo State University, Brazil<\/p>\n\n\n\n<p><strong>Rui Ganh\u00e3o, <\/strong>Leiria Polythecnic, Portugal<\/p>\n\n\n\n<p><strong>Remco Kranendonk, <\/strong>Wageningen University and Research, Netherlands<\/p>\n\n\n\n<p><strong>Saifur Rahman, <\/strong>Virginia Tech Advanced Research Institute, USA<\/p>\n\n\n\n<p><strong>S\u00e9rgio Leit\u00e3o<\/strong>, UTAD\/Tr\u00e1s-os-Montes e Alto Douro University, Portugal<\/p>\n\n\n\n<p><strong>S\u00f3nia Pereira<\/strong>, Leiria Polythecnic, Portugal<\/p>\n\n\n\n<p><strong>Susana Neto<\/strong>, IST\/Lisbon University, Portugal<\/p>\n\n\n\n<p><strong>Teresa Mouga<\/strong>, Polytechnic of Leiria, Portugal<\/p>\n\n\n\n<p><strong>Valentim Realinho<\/strong>, VALORIZA\/Portalegre Polytechnic, Portugal<\/p>\n\n\n\n<p><strong>Zahra Kalantari<\/strong>, Stockholm University, Sweden<\/p>\n<\/div>\n<\/div>\n\n\n\n<div style=\"height:50px\" aria-hidden=\"true\" class=\"wp-block-spacer\"><\/div>\n\n\n\n<hr class=\"wp-block-separator has-text-color has-luminous-vivid-amber-color has-css-opacity has-luminous-vivid-amber-background-color has-background is-style-wide\"\/>\n\n\n\n<p class=\"has-text-align-center has-medium-font-size\"><strong>ORGANIZING COMMITTEE<\/strong><\/p>\n\n\n\n<div style=\"height:30px\" aria-hidden=\"true\" class=\"wp-block-spacer\"><\/div>\n\n\n\n<div class=\"wp-block-columns is-layout-flex wp-container-core-columns-is-layout-28f84493 wp-block-columns-is-layout-flex\">\n<div class=\"wp-block-column is-layout-flow wp-block-column-is-layout-flow\">\n<div class=\"wp-block-media-text alignwide is-stacked-on-mobile\" style=\"grid-template-columns:20% auto\"><figure class=\"wp-block-media-text__media\"><img loading=\"lazy\" decoding=\"async\" width=\"132\" height=\"132\" src=\"http:\/\/icowefs.ipportalegre.pt\/2022\/wp-content\/uploads\/sites\/3\/2021\/12\/Ana_Carolina_Assis.jpeg\" alt=\"\" class=\"wp-image-238 size-full\" srcset=\"https:\/\/icowefs.ipportalegre.pt\/2022\/wp-content\/uploads\/sites\/3\/2021\/12\/Ana_Carolina_Assis.jpeg 132w, https:\/\/icowefs.ipportalegre.pt\/2022\/wp-content\/uploads\/sites\/3\/2021\/12\/Ana_Carolina_Assis-50x50.jpeg 50w\" sizes=\"auto, (max-width: 132px) 100vw, 132px\" \/><\/figure><div class=\"wp-block-media-text__content\">\n<p class=\"has-small-font-size\"><strong>Ana Carolina Assis<\/strong><br>Portalegre Polytechnic<\/p>\n<\/div><\/div>\n\n\n\n<div class=\"wp-block-media-text alignwide is-stacked-on-mobile\" style=\"grid-template-columns:20% auto\"><figure class=\"wp-block-media-text__media\"><img loading=\"lazy\" decoding=\"async\" width=\"132\" height=\"132\" src=\"http:\/\/icowefs.ipportalegre.pt\/2022\/wp-content\/uploads\/sites\/3\/2021\/11\/flavio.jpg\" alt=\"\" class=\"wp-image-223 size-full\"\/><\/figure><div class=\"wp-block-media-text__content\">\n<p class=\"has-small-font-size\"><strong><strong>Fl\u00e1vio Craveiro<br><\/strong><\/strong>Leiria Polytechnic<\/p>\n<\/div><\/div>\n\n\n\n<div class=\"wp-block-media-text alignwide is-stacked-on-mobile\" style=\"grid-template-columns:20% auto\"><figure class=\"wp-block-media-text__media\"><img loading=\"lazy\" decoding=\"async\" width=\"132\" height=\"132\" src=\"http:\/\/icowefs.ipportalegre.pt\/2022\/wp-content\/uploads\/sites\/3\/2021\/12\/Luis_Calado.jpeg\" alt=\"\" class=\"wp-image-239 size-full\" srcset=\"https:\/\/icowefs.ipportalegre.pt\/2022\/wp-content\/uploads\/sites\/3\/2021\/12\/Luis_Calado.jpeg 132w, https:\/\/icowefs.ipportalegre.pt\/2022\/wp-content\/uploads\/sites\/3\/2021\/12\/Luis_Calado-50x50.jpeg 50w\" sizes=\"auto, (max-width: 132px) 100vw, 132px\" \/><\/figure><div class=\"wp-block-media-text__content\">\n<p class=\"has-small-font-size\"><strong><strong>Luis Calado<\/strong><br><\/strong>Portalegre Polytechnic<\/p>\n<\/div><\/div>\n\n\n\n<div class=\"wp-block-media-text alignwide is-stacked-on-mobile\" style=\"grid-template-columns:20% auto\"><figure class=\"wp-block-media-text__media\"><img loading=\"lazy\" decoding=\"async\" width=\"132\" height=\"132\" src=\"http:\/\/icowefs.ipportalegre.pt\/2022\/wp-content\/uploads\/sites\/3\/2021\/11\/Roberta.jpg\" alt=\"\" class=\"wp-image-221 size-full\"\/><\/figure><div class=\"wp-block-media-text__content\">\n<p class=\"has-small-font-size\"><strong><strong><strong>Roberta Pan\u00edzio<\/strong><\/strong><br><\/strong>Portalegre Polytechnic<\/p>\n<\/div><\/div>\n<\/div>\n\n\n\n<div class=\"wp-block-column is-layout-flow wp-block-column-is-layout-flow\">\n<div class=\"wp-block-media-text alignwide is-stacked-on-mobile\" style=\"grid-template-columns:20% auto\"><figure class=\"wp-block-media-text__media\"><img loading=\"lazy\" decoding=\"async\" width=\"132\" height=\"132\" src=\"https:\/\/icowefs.ipportalegre.pt\/2022\/wp-content\/uploads\/sites\/3\/2022\/03\/catarina.jpg\" alt=\"\" class=\"wp-image-292 size-full\" srcset=\"https:\/\/icowefs.ipportalegre.pt\/2022\/wp-content\/uploads\/sites\/3\/2022\/03\/catarina.jpg 132w, https:\/\/icowefs.ipportalegre.pt\/2022\/wp-content\/uploads\/sites\/3\/2022\/03\/catarina-50x50.jpg 50w\" sizes=\"auto, (max-width: 132px) 100vw, 132px\" \/><\/figure><div class=\"wp-block-media-text__content\">\n<p class=\"has-small-font-size\"><strong>Catarina Nobre<br><\/strong>Portalegre Polytechnic<\/p>\n<\/div><\/div>\n\n\n\n<div class=\"wp-block-media-text alignwide is-stacked-on-mobile\" style=\"grid-template-columns:20% auto\"><figure class=\"wp-block-media-text__media\"><img loading=\"lazy\" decoding=\"async\" width=\"132\" height=\"132\" src=\"http:\/\/icowefs.ipportalegre.pt\/2022\/wp-content\/uploads\/sites\/3\/2021\/11\/henrique.jpg\" alt=\"\" class=\"wp-image-224 size-full\"\/><\/figure><div class=\"wp-block-media-text__content\">\n<p class=\"has-small-font-size\"><strong><strong>Henrique Almeida<br><\/strong><\/strong>Leiria Polytechnic<\/p>\n<\/div><\/div>\n\n\n\n<div class=\"wp-block-media-text alignwide is-stacked-on-mobile\" style=\"grid-template-columns:20% auto\"><figure class=\"wp-block-media-text__media\"><img loading=\"lazy\" decoding=\"async\" width=\"132\" height=\"132\" src=\"http:\/\/icowefs.ipportalegre.pt\/2022\/wp-content\/uploads\/sites\/3\/2021\/11\/pedro.jpg\" alt=\"\" class=\"wp-image-220 size-full\"\/><\/figure><div class=\"wp-block-media-text__content\">\n<p class=\"has-small-font-size\"><strong><strong>Pedro Monteiro<br><\/strong><\/strong>Portalegre Polytechnic<\/p>\n<\/div><\/div>\n\n\n\n<div class=\"wp-block-media-text alignwide is-stacked-on-mobile\" style=\"grid-template-columns:20% auto\"><figure class=\"wp-block-media-text__media\"><img loading=\"lazy\" decoding=\"async\" width=\"132\" height=\"132\" src=\"http:\/\/icowefs.ipportalegre.pt\/2022\/wp-content\/uploads\/sites\/3\/2021\/11\/sandra.png\" alt=\"\" class=\"wp-image-228 size-full\"\/><\/figure><div class=\"wp-block-media-text__content\">\n<p class=\"has-small-font-size\"><strong><strong>Sandra Mourato<br><\/strong><\/strong>Leiria Polytechnic<\/p>\n<\/div><\/div>\n<\/div>\n\n\n\n<div class=\"wp-block-column is-layout-flow wp-block-column-is-layout-flow\">\n<div class=\"wp-block-media-text alignwide is-stacked-on-mobile\" style=\"grid-template-columns:20% auto\"><figure class=\"wp-block-media-text__media\"><img loading=\"lazy\" decoding=\"async\" width=\"132\" height=\"132\" src=\"http:\/\/icowefs.ipportalegre.pt\/2022\/wp-content\/uploads\/sites\/3\/2021\/11\/filipe.jpg\" alt=\"\" class=\"wp-image-222 size-full\"\/><\/figure><div class=\"wp-block-media-text__content\">\n<p class=\"has-small-font-size\"><strong><strong>Filipe Neves<br><\/strong><\/strong>Leiria Polytechnic<\/p>\n<\/div><\/div>\n\n\n\n<div class=\"wp-block-media-text alignwide is-stacked-on-mobile\" style=\"grid-template-columns:20% auto\"><figure class=\"wp-block-media-text__media\"><img loading=\"lazy\" decoding=\"async\" width=\"132\" height=\"132\" src=\"http:\/\/icowefs.ipportalegre.pt\/2022\/wp-content\/uploads\/sites\/3\/2021\/11\/joel-01.jpg\" alt=\"\" class=\"wp-image-225 size-full\"\/><\/figure><div class=\"wp-block-media-text__content\">\n<p class=\"has-small-font-size\"><strong><strong>Joel Vasco<br><\/strong><\/strong>Leiria Polytechnic<\/p>\n<\/div><\/div>\n\n\n\n<div class=\"wp-block-media-text alignwide is-stacked-on-mobile\" style=\"grid-template-columns:20% auto\"><figure class=\"wp-block-media-text__media\"><img loading=\"lazy\" decoding=\"async\" width=\"132\" height=\"132\" src=\"http:\/\/icowefs.ipportalegre.pt\/2022\/wp-content\/uploads\/sites\/3\/2021\/11\/ricardo.jpg\" alt=\"\" class=\"wp-image-227 size-full\"\/><\/figure><div class=\"wp-block-media-text__content\">\n<p class=\"has-small-font-size\"><strong><strong><strong>Ricardo Gomes<br><\/strong><\/strong><\/strong>Leiria Polytechnic<\/p>\n<\/div><\/div>\n\n\n\n<div class=\"wp-block-media-text alignwide is-stacked-on-mobile\" style=\"grid-template-columns:20% auto\"><figure class=\"wp-block-media-text__media\"><img loading=\"lazy\" decoding=\"async\" width=\"132\" height=\"132\" src=\"http:\/\/icowefs.ipportalegre.pt\/2022\/wp-content\/uploads\/sites\/3\/2021\/11\/vania.jpg\" alt=\"\" class=\"wp-image-229 size-full\"\/><\/figure><div class=\"wp-block-media-text__content\">\n<p class=\"has-small-font-size\"><strong><strong><strong>V\u00e2nia Ribeiro<br><\/strong><\/strong><\/strong>Leiria Polytechnic<\/p>\n<\/div><\/div>\n<\/div>\n<\/div>\n\n\n\n<p><\/p>\n","protected":false},"excerpt":{"rendered":"<p>CONFERENCE CHAIRS Paulo S\u00e9rgio BritoPolytechnic of Portalegre . Portugal Jo\u00e3o Rafael Galv\u00e3oPolytechnic of Leiria .<\/p>\n","protected":false},"author":1,"featured_media":0,"parent":0,"menu_order":0,"comment_status":"closed","ping_status":"closed","template":"","meta":{"inline_featured_image":false,"footnotes":""},"class_list":["post-36","page","type-page","status-publish","hentry"],"_links":{"self":[{"href":"https:\/\/icowefs.ipportalegre.pt\/2022\/wp-json\/wp\/v2\/pages\/36","targetHints":{"allow":["GET"]}}],"collection":[{"href":"https:\/\/icowefs.ipportalegre.pt\/2022\/wp-json\/wp\/v2\/pages"}],"about":[{"href":"https:\/\/icowefs.ipportalegre.pt\/2022\/wp-json\/wp\/v2\/types\/page"}],"author":[{"embeddable":true,"href":"https:\/\/icowefs.ipportalegre.pt\/2022\/wp-json\/wp\/v2\/users\/1"}],"replies":[{"embeddable":true,"href":"https:\/\/icowefs.ipportalegre.pt\/2022\/wp-json\/wp\/v2\/comments?post=36"}],"version-history":[{"count":32,"href":"https:\/\/icowefs.ipportalegre.pt\/2022\/wp-json\/wp\/v2\/pages\/36\/revisions"}],"predecessor-version":[{"id":330,"href":"https:\/\/icowefs.ipportalegre.pt\/2022\/wp-json\/wp\/v2\/pages\/36\/revisions\/330"}],"wp:attachment":[{"href":"https:\/\/icowefs.ipportalegre.pt\/2022\/wp-json\/wp\/v2\/media?parent=36"}],"curies":[{"name":"wp","href":"https:\/\/api.w.org\/{rel}","templated":true}]}}