{"id":139,"date":"2021-07-09T14:40:59","date_gmt":"2021-07-09T14:40:59","guid":{"rendered":"https:\/\/icowefs.ipportalegre.pt\/2024\/?page_id=139"},"modified":"2024-04-10T10:44:08","modified_gmt":"2024-04-10T10:44:08","slug":"paper-submission","status":"publish","type":"page","link":"https:\/\/icowefs.ipportalegre.pt\/2024\/paper-submission\/","title":{"rendered":"Paper submission"},"content":{"rendered":"\n<p>All submissions will be&nbsp;peer reviewed&nbsp;and the accepted papers will be published by&nbsp;Springer,&nbsp;with ISBN, in a conference proceedings&nbsp;ebook. These papers are also&nbsp;Scopus Indexed&nbsp;and&nbsp;DOI&nbsp;assigned. A link to the conference proceedings ebook will be delivered to the delegates upon registration.<\/p>\n\n\n\n<p>All authors are invited to&nbsp;submit Full Paper&nbsp;<strong><a href=\"https:\/\/docs.google.com\/forms\/d\/e\/1FAIpQLScm9bQhi32TRI7P_hJRpNaR5MUQ_nFov-rmVx-TgHbf7pv8qA\/viewform\" target=\"_blank\" rel=\"noreferrer noopener\">here<\/a><\/strong>.<\/p>\n\n\n\n<p>The full paper should fulfill the template accordingly to the&nbsp;<em><strong><a href=\"\/wp-content\/uploads\/sites\/4\/2024\/01\/Template_paper_ICoWEFS.docx\" target=\"_blank\" rel=\"noreferrer noopener\">docx<\/a><\/strong><\/em>&nbsp;formats.<\/p>\n\n\n\n<p>Submitted papers must have either 6, 8 or 10 pages. Less than 6 or more than 10 pages are not recommended, neither are papers with an odd number of pages.<\/p>\n\n\n\n<div style=\"height:50px\" aria-hidden=\"true\" class=\"wp-block-spacer\"><\/div>\n\n\n\n<hr class=\"wp-block-separator has-alpha-channel-opacity\"\/>\n\n\n\n<div style=\"height:50px\" aria-hidden=\"true\" class=\"wp-block-spacer\"><\/div>\n\n\n\n<figure class=\"wp-block-image size-full is-resized\"><img loading=\"lazy\" decoding=\"async\" width=\"240\" height=\"240\" src=\"http:\/\/icowefs.ipportalegre.pt\/2024\/wp-content\/uploads\/sites\/4\/2024\/04\/ReadyToPub1.jpeg\" alt=\"\" class=\"wp-image-515\" style=\"width:auto;height:150px\" srcset=\"https:\/\/icowefs.ipportalegre.pt\/2024\/wp-content\/uploads\/sites\/4\/2024\/04\/ReadyToPub1.jpeg 240w, https:\/\/icowefs.ipportalegre.pt\/2024\/wp-content\/uploads\/sites\/4\/2024\/04\/ReadyToPub1-150x150.jpeg 150w, https:\/\/icowefs.ipportalegre.pt\/2024\/wp-content\/uploads\/sites\/4\/2024\/04\/ReadyToPub1-50x50.jpeg 50w\" sizes=\"auto, (max-width: 240px) 100vw, 240px\" \/><\/figure>\n\n\n\n<p><strong>Pr\u00e9mios ReadyToPub | <strong>ReadyToPub Awards<\/strong><\/strong><br><strong>International Conference on Water, Energy, Food and Sustainability<\/strong><\/p>\n\n\n\n<p>Os Pr\u00e9mios ReadyToPub ser\u00e3o atribu\u00eddos \u00e0s melhores comunica\u00e7\u00f5es orais e melhores p\u00f3steres de estudantes (geral e participantes do sexo feminino). Os Pr\u00e9mios ReadyToPub t\u00eam como principal objetivo motivar e encorajar jovens investigadores a preparar os seus dados e com o aux\u00edlio da ReadyToPub tentar a publica\u00e7\u00e3o de artigos em revistas de circula\u00e7\u00e3o internacional com elevado fator de impacto.<\/p>\n\n\n\n<p>A avalia\u00e7\u00e3o das comunica\u00e7\u00f5es ser\u00e1 baseada em cinco crit\u00e9rios (mais detalhes no regulamento).Os pr\u00e9mios consistem na atribui\u00e7\u00e3o de cr\u00e9ditos no valor de 250\u20ac (melhor comunica\u00e7\u00e3o oral) e 150\u20ac (melhor p\u00f3ster) para uso em servi\u00e7os providenciados pela ReadyToPub. Os vencedores ser\u00e3o anunciados na cerim\u00f3nia de encerramento da confer\u00eancia. Para mais informa\u00e7\u00f5es, por favor consulte o\u00a0<a href=\"https:\/\/qrco.de\/ICoWEFS_2024\" target=\"_blank\" rel=\"noreferrer noopener\">regulamento do Pr\u00e9mio<\/a>.<\/p>\n\n\n\n<hr class=\"wp-block-separator has-alpha-channel-opacity\"\/>\n\n\n\n<p>The ReadyToPub Awards will be given to the best student oral communications and the best student posters (general and female participants). The main aim of the ReadyToPub Awards is to motivate and encourage young researchers to prepare their data and, with the help of ReadyToPub, attempt to publish papers in international journals with a high impact factor.<\/p>\n\n\n\n<p>The evaluation of the communications will be based on five criteria (more details in the regulation).The awards consist of a credit worth \u20ac250 (best oral communications) and \u20ac150 (best posters) for use in services provided by ReadyToPub. The winners will be announced at the conference closing ceremony.\u00a0For more information, please consult the\u00a0<a href=\"https:\/\/qrco.de\/ICoWEFS_2024\" target=\"_blank\" rel=\"noreferrer noopener\">regulation<\/a>.<\/p>\n\n\n\n<div style=\"height:100px\" aria-hidden=\"true\" class=\"wp-block-spacer\"><\/div>\n\n\n\n<p><\/p>\n","protected":false},"excerpt":{"rendered":"<p>All submissions will be&nbsp;peer reviewed&nbsp;and the accepted papers will be published by&nbsp;Springer,&nbsp;with ISBN, in a<\/p>\n","protected":false},"author":1,"featured_media":0,"parent":0,"menu_order":0,"comment_status":"closed","ping_status":"closed","template":"","meta":{"inline_featured_image":false,"footnotes":""},"class_list":["post-139","page","type-page","status-publish","hentry"],"_links":{"self":[{"href":"https:\/\/icowefs.ipportalegre.pt\/2024\/wp-json\/wp\/v2\/pages\/139","targetHints":{"allow":["GET"]}}],"collection":[{"href":"https:\/\/icowefs.ipportalegre.pt\/2024\/wp-json\/wp\/v2\/pages"}],"about":[{"href":"https:\/\/icowefs.ipportalegre.pt\/2024\/wp-json\/wp\/v2\/types\/page"}],"author":[{"embeddable":true,"href":"https:\/\/icowefs.ipportalegre.pt\/2024\/wp-json\/wp\/v2\/users\/1"}],"replies":[{"embeddable":true,"href":"https:\/\/icowefs.ipportalegre.pt\/2024\/wp-json\/wp\/v2\/comments?post=139"}],"version-history":[{"count":12,"href":"https:\/\/icowefs.ipportalegre.pt\/2024\/wp-json\/wp\/v2\/pages\/139\/revisions"}],"predecessor-version":[{"id":517,"href":"https:\/\/icowefs.ipportalegre.pt\/2024\/wp-json\/wp\/v2\/pages\/139\/revisions\/517"}],"wp:attachment":[{"href":"https:\/\/icowefs.ipportalegre.pt\/2024\/wp-json\/wp\/v2\/media?parent=139"}],"curies":[{"name":"wp","href":"https:\/\/api.w.org\/{rel}","templated":true}]}}