{"id":40,"date":"2021-06-14T13:59:25","date_gmt":"2021-06-14T13:59:25","guid":{"rendered":"http:\/\/icowefs.ipportalegre.pt\/2024\/?page_id=40"},"modified":"2023-12-04T12:39:40","modified_gmt":"2023-12-04T12:39:40","slug":"location","status":"publish","type":"page","link":"https:\/\/icowefs.ipportalegre.pt\/2024\/location\/","title":{"rendered":"Location"},"content":{"rendered":"\n<hr class=\"wp-block-separator has-text-color has-alpha-channel-opacity has-background is-style-default\" style=\"background-color:#93121c;color:#93121c\"\/>\n\n\n\n<h1 class=\"wp-block-heading\">Venue<\/h1>\n\n\n\n<p>The congress will take place between 8th and 10th of May 2024, at the CAMPUS POLIT\u00c9CNICO, in the Polytechnic Institute of Portalegre, PORTUGAL.<\/p>\n\n\n\n<p><strong>Escola Superior de Tecnologia e Gest\u00e3o<\/strong><\/p>\n\n\n\n<p>Campus Polit\u00e9cnico 10<br>7300-555 Portalegre<\/p>\n\n\n\n<p>Phone: +351 245 300 200<br>Fax: +351 245 300 230<br><\/p>\n\n\n\n<hr class=\"wp-block-separator has-text-color has-alpha-channel-opacity has-background is-style-default\" style=\"background-color:#93121c;color:#93121c\"\/>\n\n\n\n<h1 class=\"wp-block-heading\">Accommodation suggestions<\/h1>\n\n\n\n<p>The region offers a wide variety of accommodation options, from hotels, to hostels, local accommodation units (self-catering), or Bed and Breakfast. Most of these are announced on booking websites, like booking.com.&nbsp;<\/p>\n\n\n\n<p>For a greater proximity to the places where the Conference takes place, we suggest that you choose accommodation in:<\/p>\n\n\n\n<p><strong>Portalegre<\/strong><\/p>\n\n\n\n<p>Casa do Arco Portalegre***<br>Casa Dom Manoel***<br>Casa do Doutor***<br>Casa do P\u00e1tio***<br>Dona Maria***<br>Estalagem da Liberdade***<br>Hotel Jos\u00e9 R\u00e9gio****<br>Mans\u00e3o Alto Alentejo**<br>Rossio Hotel****<br>Solar das Avencas***<br>P\u00e1tio do Marqu\u00eas***<\/p>\n\n\n\n<p>Once you have booked your accommodation, please let us know. Also, please let us know if you need any help or recommendation.<\/p>\n\n\n\n<p>We also inform you that there is no UBER service in Portalegre, so if you need a transportation service, you can request a taxi through the following numbers:&nbsp;<\/p>\n\n\n\n<p>Pra\u00e7a de T\u00e1xis do Rossio: 00351 245 202&nbsp;375<br>Pra\u00e7a de T\u00e1xis da Rua de Elvas:&nbsp;&nbsp;00351 245 201&nbsp;380<br>Pra\u00e7a de T\u00e1xis da Avenida da Liberdade: 00351 245&nbsp;404 694<br>Pra\u00e7a de T\u00e1xis da Avenida Movimento das For\u00e7as Armadas: 00351 245&nbsp;203 842<br>Pra\u00e7a de T\u00e1xis de Assentos: 00351 245&nbsp;208 668<\/p>\n\n\n\n<p><\/p>\n\n\n\n<hr class=\"wp-block-separator has-text-color has-alpha-channel-opacity has-background is-style-default\" style=\"background-color:#93121c;color:#93121c\"\/>\n\n\n\n<h1 class=\"wp-block-heading\">Transportation from Lisbon<\/h1>\n\n\n\n<p>The most convenient airport is Lisbon International Airport.&nbsp;<\/p>\n\n\n\n<p>There is also the option of flying to the airports in Porto (300 km North from Portalegre) or Faro (300 km South from Portalegre), or even to Badajoz, in Spain, about 80 km from Portalegre, which connects to Madrid. In case you wish to use any of these airports, travelling to Portalegre would be more difficult.&nbsp;<\/p>\n\n\n\n<p>Trains leave from Santa Apol\u00f3nia or from Oriente train stations in Lisboa and they usually require a change at Entroncamento.<\/p>\n\n\n\n<p>The underground (Metro) network in Lisbon (red line) connects the airport and other locations to both train stations. Oriente is very close to the airport and very easy to reach from there, as it is only two Metro stops away. There are also direct buses from nearby stops.<\/p>\n\n\n\n<p>The train station in Portalegre is located in the outskirts of the town. You will have to get a bus right outside the station to travel to the centre.<\/p>\n\n\n\n<p>Please, visit&nbsp;<a rel=\"noreferrer noopener\" href=\"http:\/\/www.cp.pt\/\" target=\"_blank\">www.cp.pt<\/a>&nbsp;(national train company website) for timetables and for further information.<\/p>\n\n\n\n<p>Buses leave from two different locations: from Terminal Rodovi\u00e1rio (main bus terminal, located close to the Jardim Zool\u00f3gico underground station) and from Oriente train station. From the former, buses are more frequent; the best and cheapest way to get there is to get the underground, red line, from the airport to S. Sebasti\u00e3o station and then change to the blue line to Jardim Zool\u00f3gico (bound to Amadora or Col\u00e9gio Militar\/Luz); then follow the directions to Terminal Rodovi\u00e1rio (located outside the station); the bus ticket costs about 15\u20ac. Please, visit&nbsp;<a rel=\"noreferrer noopener\" href=\"http:\/\/www.rede-expressos.pt\/\" target=\"_blank\">www.rede-expressos.pt<\/a>&nbsp;(national bus company website) for timetables and for further information. To get from the airport to the Oriente, please follow the Metro directions above. For information on timetables and prices on buses to Portalegre from Oriente, please check at:&nbsp;<a rel=\"noreferrer noopener\" href=\"http:\/\/www.rodalentejo.pt\/\" target=\"_blank\">http:\/\/www.rodalentejo.pt<\/a><\/p>\n\n\n\n<p>By car (If you rent a car, we advise you to pic one with via verde system), the quickest way to get to Portalegre is to use the A23 (North) motorway or the A6 (South) motorway. To follow the A23 motorway, leave Lisbon towards Norte\/Porto by the A1 motorway. After about 100 km, exit onto the A23, towards Castelo Branco\/Torres Novas\/Abrantes. Exit at exit 15, towards Portalegre\/Nisa. If you choose the A6, you must first follow A12\/Sul\/ Ponte Vasco da Gama, then exit towards A2, bound to Algarve\/\u00c9vora until the A6 exit towards Espanha\/\u00c9vora. Exit at Estremoz and continue on the IP2 until Portalegre.<\/p>\n","protected":false},"excerpt":{"rendered":"<p>Venue The congress will take place between 8th and 10th of May 2024, at the<\/p>\n","protected":false},"author":1,"featured_media":0,"parent":0,"menu_order":0,"comment_status":"closed","ping_status":"closed","template":"","meta":{"inline_featured_image":false,"footnotes":""},"class_list":["post-40","page","type-page","status-publish","hentry"],"_links":{"self":[{"href":"https:\/\/icowefs.ipportalegre.pt\/2024\/wp-json\/wp\/v2\/pages\/40","targetHints":{"allow":["GET"]}}],"collection":[{"href":"https:\/\/icowefs.ipportalegre.pt\/2024\/wp-json\/wp\/v2\/pages"}],"about":[{"href":"https:\/\/icowefs.ipportalegre.pt\/2024\/wp-json\/wp\/v2\/types\/page"}],"author":[{"embeddable":true,"href":"https:\/\/icowefs.ipportalegre.pt\/2024\/wp-json\/wp\/v2\/users\/1"}],"replies":[{"embeddable":true,"href":"https:\/\/icowefs.ipportalegre.pt\/2024\/wp-json\/wp\/v2\/comments?post=40"}],"version-history":[{"count":14,"href":"https:\/\/icowefs.ipportalegre.pt\/2024\/wp-json\/wp\/v2\/pages\/40\/revisions"}],"predecessor-version":[{"id":420,"href":"https:\/\/icowefs.ipportalegre.pt\/2024\/wp-json\/wp\/v2\/pages\/40\/revisions\/420"}],"wp:attachment":[{"href":"https:\/\/icowefs.ipportalegre.pt\/2024\/wp-json\/wp\/v2\/media?parent=40"}],"curies":[{"name":"wp","href":"https:\/\/api.w.org\/{rel}","templated":true}]}}